1 + -3 + (10 + 5 - 10).
1
Calculate -12 - -11 - (-3 + 10).
-8
Calculate 9 + (7 - 13) - (2 + -2).
3
Calculate 18 + -35 + 17 - (-3 + -1).
4
Calculate 0 + -5 + 9 + -2 - 6.
-4
(-2 - -1) + (7 - 7)
-1
(-8 - (-4 - -5)) + 9
0
Calculate -20 - -18 - (-1 - -4).
-5
Evaluate (6 - (5 + 2 + -1)) + -1.
-1
Calculate -7 + (-8 - -20 - 13).
-8
What is (-11 + 10 - (3 - 1)) + 1?
-2
What is (-2 - -5 - 0) + (-11 - -6)?
-2
What is -14 - 0 - (116 - 127)?
-3
What is the value of -6 + 5 + -7 + (4 - 4)?
-8
What is the value of 5 + -4 + -4 + 3?
0
What is the value of -4 + 4 + (2 - 7)?
-5
What is the value of 1 + -3 - (1 - -6 - 5)?
-4
What is the value of 1 + (4 - 8) + 0?
-3
4 + (0 - -1) + 0
5
What is the value of 9 - (-5 + 11) - (0 + 1)?
2
Calculate 4 + 2 - (-5 + 16 + -6).
1
What is the value of 9 + -6 + (2 - 2)?
3
What is 5 - 11 - (-19 - -8)?
5
-3 - (-1 + -2 + 3)
-3
Evaluate 1 - 3 - -6 - -2.
6
What is (1 - 4) + (50 - 52)?
-5
Calculate -6 + (7 - 12 - -3).
-8
What is -3 + (-4 - 1) + 3?
-5
10 + -8 + 1 - (6 + 1)
-4
(12 + -4 - 2) + -4
2
What is the value of 4 + (-12 - -5) + -1?
-4
What is the value of -6 + -1 + -8 + 9?
-6
What is 17 + -8 + -15 - (1 - 11)?
4
What is the value of (3 - -1) + 127 + -130?
1
4 + -4 + 2 + (-6 - -2)
-2
Evaluate (10 - (-2 - -14)) + 8.
6
-3 - (-2 - (-5 + 2))
-4
What is 3 - ((-1 - -3) + -4)?
5
What is the value of (-3 - (-8 - -5)) + 5?
5
Calculate -29 + 25 - (0 + -6).
2
(-4 - 4) + (0 + -2 - -7)
-3
2 + 0 + -3 - 3 - 0
-4
0 - (6 - 3) - -1
-2
Calculate 4 + -1 - (4 - 5).
4
What is the value of -5 + (-2 - -7) + 0 + 6?
6
Calculate -2 + -9 - (-27 - -21).
-5
-3 + (10 + -2 - (7 - 3))
1
What is the value of -5 - (-12 + 8 + (0 - -2))?
-3
What is 3 + 0 - (59 + -57)?
1
Evaluate -4 + -4 + (-3 - -8).
-3
Calculate 0 + -10 + 7 + 5.
2
What is 0 + 2 - (37 - 31)?
-4
What is the value of 1 - 4 - (5 + -5) - -5?
2
Calculate -2 + 4 + 4 + 1.
7
What is the value of (-2 - 0) + (3 - -6) + -6?
1
Evaluate 4 - (-3 - (3 - (9 + -3))).
4
Evaluate 1 + -8 + 1 + 10 + 2.
6
What is -1 + -4 - (20 - (6 + 9))?
-10
Evaluate (3 - -1) + 17 + -21 - -5.
5
Evaluate 2 + 1 + -3 + -1.
-1
Calculate 6 + -1 + 1 + -14.
-8
Calculate -8 + (14 - 9 - -7).
4
What is -13 - (-3 - (3 + -8 - -7))?
-8
Evaluate (0 - 1 - -5) + -9.
-5
Calculate -4 - (3 + -6 + 4).
-5
What is -4 - (-3 + 0) - (-4 + 8)?
-5
(-1 - -5) + 17 + -17
4
(5 - -1) + 10 + -20 + 5
1
(-24 - -12) + 12 + -2
-2
Calculate (4 - -9) + -9 + 3.
7
What is the value of -7 + 4 - (1 + (0 - -1))?
-5
What is the value of 11 + (2 - (1 - -7))?
5
What is the value of (7 - 2 - (38 - 28)) + 2?
-3
-16 - -28 - (1 + (6 - 1))
6
-2 + -4 + 5 + (-3 - -3)
-1
Evaluate -1 - (2 - (3 + (1 - 4))).
-3
Calculate 1 - (2 - 4) - 5.
-2
(13 - 2) + -6 + 1
6
Calculate 6 - (-3 + (-3 - -1) - -19).
-8
Evaluate (3 - 2) + -4 - (-8 - 0).
5
8 + 10 + -8 + -18
-8
What is -5 + (-4 - -10 - 4)?
-3
What is the value of 1 + -5 - (4 - 6)?
-2
What is the value of 1 + (-4 - (-2 - 6))?
5
Evaluate (-9 - -9) + (2 - 5).
-3
What is 7 - (1 + (3 + -6 - -7))?
2
What is the value of (-6 - 3) + -39 + 51?
3
Evaluate 4 + -6 - (-5 + 7 + -9).
5
What is (6 - 8 - -2) + -4?
-4
What is 6 - 10 - -6 - (7 + -3)?
-2
What is the value of 6 - ((-4 - 1) + 10)?
1
What is the value of (2 - -8) + (11 - (2 - -17))?
2
(-7 - -9) + 4 - (-1 - -2)
5
What is the value of -6 + -3 + 0 - (4 + -11)?
-2
(-1 - 10) + -1 + 7
-5
17 + -2 + -23 + 11
3
What is (-16 - -10) + 5 + -3 + 10?
6
Calculate -2 + -1 + 4 + (-4 - 1).
-4
Calculate 0 + -6 + 3 + 3 + 1.
1
12 + -9 + 3 - (1 - -1)
4
What is -4 + -5 - (-5 - -1)?
-5
What is 1 + -7 + 4 + 6 + -1?
3
Calculate (-10 - (-5 - -4)) + 4 + 2.
-3
What is -3 - (-1 - -4 - (6 + -2))?
-2
What is the value of -1 - (-3 - 4) - 7?
-1
3 + -4 - (-1 - (2 + -3))
-1
Evaluate (-14 - -19) + 11 + (-3 - 4).
9
What is the value of 1 + -10 + 2 + (-6 - -11)?
-2
16 + -14 + 5 + (-1 - -2)
8
Calculate (5 - 2) + -5 + 2.
0
Evaluate -1 - (-2 - -4) - -3.
0
1 + (3 - 3) + -2 + 4
3
Calculate -5 + 6 + (-18 - -11).
-6
Evaluate 3 + 3 - (-8 - -21).
-7
What is (-8 - -11) + 0 + 3?
6
Calculate 3 + -1 - (-2 - (2 - 0)).
6
Evaluate 7 + 8 + (-18 - -6).
3
What is the value of -5 + 1 - (33 - 35) - 1?
-3
Calculate 5 + -15 + (16 - 9).
-3
Calculate 48 - 51 - (1 - 7 - -2).
1
Evaluate -1 + 2 + (-4 - 1).
-4
Calculate -15 - -14 - (3 - -5).
-9
Calculate (3 - 8 - -8) + 2.
5
Calculate -5 - (-12 + 16) - 0.
-9
Evaluate 0 + -3 + -3 + (14 - 13).
-5
(-2 - (1 - 1)) + -4 - -1
-5
Calculate 8 - 7 - (4 + -11).
8
Calculate (-20 - -26) + -1 + (-2 - -2).
5
Evaluate -5 + (-1 - -5) + -1.
-2
Evaluate -8 + (-6 - (-14 - -3)).
-3
What is the value of 3 + 9 + -4 + -10?
-2
Evaluate 1 + (0 - 0) - (-1 + 3).
-1
Calculate -6 + (3 - -2) + -2.
-3
5 + -4 + -2 - 4
-5
Calculate (1 - -2 - -1) + (10 - 13).
1
Evaluate 7 - (0 + 5 + 0).
2
What is the value of 6 + -26 + 30 + -2 + 1?
9
What is the value of 1 + 11 + -16 + 16 + -5?
7
What is the value of -23 - -20 - (2 - 8)?
3
Evaluate 0 + (0 - -2) - (-6 - -10).
-2
Calculate 1 + 0 + (-2 - -3) + 2.
4
What is 0 + 3 - (18 + -15)?
0
What is the value of 0 - (-4 - -2) - (17 + -15)?
0
What is the value of -75 + 83 - (-1 - (-1 + -3))?
5
What is -10 - -11 - (-1 + -3)?
5
Evaluate 3 + -3 + 6 - 4.
2
Evaluate -14 + (5 - (-17 - -5)).
3
What is the value of (-1 - 1) + (51 - 50)?
-1
Calculate -7 + 1 + -7 + (-8 - -16).
-5
What is (0 - 9) + (-2 - -11 - 8)?
-8
Calculate -1 + (5 + -4 - 0 - 0).
0
What is (1 - (9 - 0)) + 5 + -2?
-5
What is -2 + -4 - ((1 - -2) + -13)?
4
0 + (-7 + 16 - (-8 - -13))
4
3 + 7 + -10 + -7 + 14
7
Calculate 0 - 11 - (-114 + 112).
-9
What is the value of 5 - 1 - (28 + -28)?
4
Calculate 0 + 6 - (11 - 7).
2
Evaluate 0 - ((4 - -7) + -5).
-6
What is (2 - -2) + 0 + -1?
3
Calculate 13 + -6 - (21 - 7).
-7
-4 + 1 - (-10 + 4 - -1)
2
0 - (3 + -4 + 4)
-3
Evaluate -2 - (-7 - -3 - (24 - 25)).
1
What is the value of -5 - -3 - (-5 - (2 + 0))?
5
Evaluate -5 - ((-9 - -1) + (-15 - -16)).
2
What is the value of 1 - ((-3 - 0) + (3 - -1))?
0
Evaluate 9 + -13 + (9 - 0).
5
2 + (-8 - -4) + -2 + 3
-1
What is 0 + -1 + 25 + -29?
-5
Evaluate -2 + 2 + (1 - 1) + -3.
-3
What is 7 + -2 + (-1 - 4 - -3)?
3
What is (-4 - 4) + 19 + -6?
5
Evaluate (-3 - (-5 + 4)) + -2 + 4.
0
-4 - (5 + -14 + 1 + 4)
0
What is -2 - (3 - 0) - (1 - 2)?
-4
Evaluate 3 + (-12 - (2 - 6)) + 0.
-5
Calculate 2 + -4 - (1 - 10).
7
What is the value of (7 - 4) + (5 - 13) + 5?
0
(1 - 3 - -5) + (-8 - 1)
-6
What is the value of (2 - -4) + (44 - 46)?
4
What is 4 - 7 - (1 + -1)?
-3
Evaluate 5 - (-11 - (-15 + 3)).
4
Evaluate 0 + 3 - -1 - (152 - 149).
1
Evaluate 8 + -1 - (-105 - -115).
-3
Calculate 4 - -2 - (6 + -3 + -1).
4
12 + -7 + -1 + 0 - 1
3
What is -3 - (1 - 9) - 1 - 1?
3
What is -2 + (-1 - (5 + -2) - -5)?
-1
Evaluate -17 - -15 - (-3 + -2) - 6.
-3
-2 - 2 - (0 - (14 - 6))
4
-1 - (6 + (-8 - (4 + -8)))
-3
-2 + -2 + 6 - 6
-4
What is 22 + -7 - (40 + -24)?
-1
Calculate -4 + -1 + (5 + 3 - -3).
6
Evaluate -3 + 0 + 1 - -2 - 4.
-4
Calculate -7 - (-2 + 2 - (3 + 1)).
-3
What is the value of 2 - 2 - -3 - (2 + 12)?
-11
Calculate -1 + 0 + (-16 - -14).
-3
Evaluate -61 + 56 - (-1 + -2).
-2
What is -29 + 29 - (-1 + 1 - 2)?
2
What is the value of 19 - 22 - (1 + -9)?
5
(13 - 18) + 1 + 4
0
Calculate -2 + (2 - 0) + -3 + 2.
-1
What is the value of -4 - (-4 + -8 - -3)?
5
Evaluate -4 + 3 + (-2 - -2).
-1
Evaluate 0 + -3 + 4 - -4.
5
4 - ((0 - 4) + 3) - -1
6
-11 - (-9 - -6) - -8
0
What is the value of (22 - 31) + 16 + 0?
7
What is the value of 4 + (-5 + 6 + -7 - -10)?
8
What is (-5 - (-3 + 1)) + 8 + -5?
0
-8 - (-3 + -5 + 5)
-5
6 + -8 + (8 - (-1 - -5))
2
Calculate 5 - (-13 - -8 - -5) - -4.
9
Calculate (-1 - (-4 + (-3 - 3))) + -5.
4
Evaluate 3 + (2 - (2 + -4) - 3).
4
What is the value of -6 + 13 + (5 - 10)?
2
What is 2 + 1 + 0 + (1 - 0)?
4
What is -15 + 4 + -2 + 8?
-5
What is the value of (4 + 3 - 14) + 13 - 8?
-2
What is (2 - (0 + -2)) + -1 + 0?
3
What is (3 - 1) + -7 + 15 + -11?
-1
What is 6 - -1 - (-3 + 11)?
-1
What is -5 + 3 + -3 - (-1 + 1)?
-5
What is (-5 - -1) + (3 - 1) + -2?
-4
What is 7 + (20 - 12) + -23?
-8
Calculate -8 + 4 + -8 + 10 + -8.
-10
Evaluate 0 + -2 + -7 + 16.
7
Evaluate -5 - (12 - (15 + -6)).
-8
What is 7 + -10 + 7 + (1 - 3)?
2
Calculate (21 - (8 - -1)) + -7.
5
What is the value of -1 + (4 - 2 - 1)?
0
Calculate 10 + -7 - (-2 + 0).
5
What is (-10 - -5 - -6) + 0?
1
What is (-4 + 1 - -4) + 0?
1
Calculate 6 - (-1 + (0 - (-5 + 2))).
4
Evalu